{"id":1707,"date":"2017-06-05T16:44:49","date_gmt":"2017-06-05T16:44:49","guid":{"rendered":"http:\/\/www.vidafel.es\/vidafel\/?page_id=1707"},"modified":"2025-03-25T08:40:14","modified_gmt":"2025-03-25T08:40:14","slug":"entrega-y-recogida","status":"publish","type":"page","link":"https:\/\/www.vidafel.es\/vidafel\/entrega-y-recogida\/","title":{"rendered":"Transporte: Entrega y recogida"},"content":{"rendered":"\t\t<div data-elementor-type=\"wp-page\" data-elementor-id=\"1707\" class=\"elementor elementor-1707\" data-elementor-post-type=\"page\">\n\t\t\t\t\t\t<section class=\"elementor-section elementor-top-section elementor-element elementor-element-d85e9ab elementor-section-boxed elementor-section-height-default elementor-section-height-default\" data-id=\"d85e9ab\" data-element_type=\"section\" data-e-type=\"section\" data-settings=\"{&quot;background_background&quot;:&quot;classic&quot;}\">\n\t\t\t\t\t\t<div class=\"elementor-container elementor-column-gap-default\">\n\t\t\t\t\t<div class=\"elementor-column elementor-col-50 elementor-top-column elementor-element elementor-element-8d995dd\" data-id=\"8d995dd\" data-element_type=\"column\" data-e-type=\"column\">\n\t\t\t<div class=\"elementor-widget-wrap elementor-element-populated\">\n\t\t\t\t\t\t<div class=\"elementor-element elementor-element-2dfcc8f elementor-widget elementor-widget-heading\" data-id=\"2dfcc8f\" data-element_type=\"widget\" data-e-type=\"widget\" data-widget_type=\"heading.default\">\n\t\t\t\t<div class=\"elementor-widget-container\">\n\t\t\t\t\t<h1 class=\"elementor-heading-title elementor-size-default\">TRANSPORTE<\/h1>\t\t\t\t<\/div>\n\t\t\t\t<\/div>\n\t\t\t\t\t<\/div>\n\t\t<\/div>\n\t\t\t\t<div class=\"elementor-column elementor-col-50 elementor-top-column elementor-element elementor-element-a44f160\" data-id=\"a44f160\" data-element_type=\"column\" data-e-type=\"column\">\n\t\t\t<div class=\"elementor-widget-wrap elementor-element-populated\">\n\t\t\t\t\t\t<div class=\"elementor-element elementor-element-d7d68cb elementor-icon-list--layout-inline elementor-list-item-link-inline elementor-align-end elementor-mobile-align-start elementor-widget elementor-widget-icon-list\" data-id=\"d7d68cb\" data-element_type=\"widget\" data-e-type=\"widget\" data-widget_type=\"icon-list.default\">\n\t\t\t\t<div class=\"elementor-widget-container\">\n\t\t\t\t\t\t\t<ul class=\"elementor-icon-list-items elementor-inline-items\">\n\t\t\t\t\t\t\t<li class=\"elementor-icon-list-item elementor-inline-item\">\n\t\t\t\t\t\t\t\t\t\t\t<a href=\"https:\/\/www.vidafel.es\/vidafel\/\">\n\n\t\t\t\t\t\t\t\t\t\t\t\t<span class=\"elementor-icon-list-icon\">\n\t\t\t\t\t\t\t<i aria-hidden=\"true\" class=\"fas fa-home\"><\/i>\t\t\t\t\t\t<\/span>\n\t\t\t\t\t\t\t\t\t\t<span class=\"elementor-icon-list-text\"><\/span>\n\t\t\t\t\t\t\t\t\t\t\t<\/a>\n\t\t\t\t\t\t\t\t\t<\/li>\n\t\t\t\t\t\t\t\t<li class=\"elementor-icon-list-item elementor-inline-item\">\n\t\t\t\t\t\t\t\t\t\t\t<a href=\"https:\/\/www.vidafel.es\/vidafel\/servicios\/\">\n\n\t\t\t\t\t\t\t\t\t\t\t<span class=\"elementor-icon-list-text\">SERVICIOS<\/span>\n\t\t\t\t\t\t\t\t\t\t\t<\/a>\n\t\t\t\t\t\t\t\t\t<\/li>\n\t\t\t\t\t\t\t\t<li class=\"elementor-icon-list-item elementor-inline-item\">\n\t\t\t\t\t\t\t\t\t\t\t<a href=\"https:\/\/www.vidafel.es\/vidafel\/entrega-y-recogida\/\">\n\n\t\t\t\t\t\t\t\t\t\t\t<span class=\"elementor-icon-list-text\">TRANSPORTE<\/span>\n\t\t\t\t\t\t\t\t\t\t\t<\/a>\n\t\t\t\t\t\t\t\t\t<\/li>\n\t\t\t\t\t\t<\/ul>\n\t\t\t\t\t\t<\/div>\n\t\t\t\t<\/div>\n\t\t\t\t\t<\/div>\n\t\t<\/div>\n\t\t\t\t\t<\/div>\n\t\t<\/section>\n\t\t\t\t<section class=\"elementor-section elementor-top-section elementor-element elementor-element-9e58c78 elementor-section-boxed elementor-section-height-default elementor-section-height-default\" data-id=\"9e58c78\" data-element_type=\"section\" data-e-type=\"section\">\n\t\t\t\t\t\t<div class=\"elementor-container elementor-column-gap-default\">\n\t\t\t\t\t<div class=\"elementor-column elementor-col-100 elementor-top-column elementor-element elementor-element-52184a8\" data-id=\"52184a8\" data-element_type=\"column\" data-e-type=\"column\">\n\t\t\t<div class=\"elementor-widget-wrap elementor-element-populated\">\n\t\t\t\t\t\t<div class=\"elementor-element elementor-element-3be381e elementor-widget elementor-widget-text-editor\" data-id=\"3be381e\" data-element_type=\"widget\" data-e-type=\"widget\" data-widget_type=\"text-editor.default\">\n\t\t\t\t<div class=\"elementor-widget-container\">\n\t\t\t\t\t\t\t\t\t<p>VIDAFEL tiene un per\u00edodo de entrega en torno a los 30 d\u00edas una vez efectuado el pedido, dicho per\u00edodo depende de variables como el producto y su composici\u00f3n, por lo que la entrega podr\u00eda variar.<\/p><p>Entregamos, montamos y, si lo deseas, retiramos tu anterior sof\u00e1 y\/o sill\u00f3n. Nuestro personal se encargar\u00e1 de trasladarlo a un punto de reciclaje autorizado.<br \/>*Consultar disponibilidad del servicio.<\/p>\t\t\t\t\t\t\t\t<\/div>\n\t\t\t\t<\/div>\n\t\t\t\t\t<\/div>\n\t\t<\/div>\n\t\t\t\t\t<\/div>\n\t\t<\/section>\n\t\t\t\t<\/div>\n\t\t","protected":false},"excerpt":{"rendered":"<p>TRANSPORTE SERVICIOS TRANSPORTE VIDAFEL tiene un per\u00edodo de entrega en torno a los 30 d\u00edas una vez efectuado el pedido, dicho per\u00edodo depende de variables como el producto y su composici\u00f3n, por lo que la entrega podr\u00eda variar. Entregamos, montamos y, si lo deseas, retiramos tu anterior sof\u00e1 y\/o sill\u00f3n. Nuestro personal se encargar\u00e1 de [&hellip;]<\/p>\n","protected":false},"author":3,"featured_media":0,"parent":0,"menu_order":0,"comment_status":"closed","ping_status":"closed","template":"","meta":{"footnotes":""},"categories":[],"tags":[],"class_list":["post-1707","page","type-page","status-publish","hentry"],"yoast_head":"<!-- This site is optimized with the Yoast SEO Premium plugin v26.8 (Yoast SEO v27.5) - https:\/\/yoast.com\/product\/yoast-seo-premium-wordpress\/ -->\n<title>Transporte: Entrega y recogida | VIDAFEL\u00a0<\/title>\n<meta name=\"description\" content=\"Transporte: entregamos, montamos y, si lo deseas, retiramos tu anterior sof\u00e1 y\/o sill\u00f3n.\" \/>\n<meta name=\"robots\" content=\"index, follow, max-snippet:-1, max-image-preview:large, max-video-preview:-1\" \/>\n<link rel=\"canonical\" href=\"https:\/\/www.vidafel.es\/vidafel\/entrega-y-recogida\/\" \/>\n<meta property=\"og:locale\" content=\"es_ES\" \/>\n<meta property=\"og:type\" content=\"article\" \/>\n<meta property=\"og:title\" content=\"Transporte: Entrega y recogida | VIDAFEL\" \/>\n<meta property=\"og:description\" content=\"Entregamos, montamos y, si lo deseas, retiramos tu anterior mueble. Nuestro personal se encargar\u00e1 de trasladarlo a un punto de reciclaje autorizado.\" \/>\n<meta property=\"og:url\" content=\"https:\/\/www.vidafel.es\/vidafel\/entrega-y-recogida\/\" \/>\n<meta property=\"og:site_name\" content=\"VIDAFEL\" \/>\n<meta property=\"article:publisher\" content=\"https:\/\/www.facebook.com\/Vidafel.es\" \/>\n<meta property=\"article:modified_time\" content=\"2025-03-25T08:40:14+00:00\" \/>\n<meta property=\"og:image\" content=\"https:\/\/www.vidafel.es\/vidafel\/wp-content\/uploads\/LOGO-VIDAFEL-VERTICAL-NEGRO-1.png\" \/>\n\t<meta property=\"og:image:width\" content=\"517\" \/>\n\t<meta property=\"og:image:height\" content=\"350\" \/>\n\t<meta property=\"og:image:type\" content=\"image\/png\" \/>\n<meta name=\"twitter:label1\" content=\"Tiempo de lectura\" \/>\n\t<meta name=\"twitter:data1\" content=\"1 minuto\" \/>\n<script type=\"application\/ld+json\" class=\"yoast-schema-graph\">{\"@context\":\"https:\\\/\\\/schema.org\",\"@graph\":[{\"@type\":\"WebPage\",\"@id\":\"https:\\\/\\\/www.vidafel.es\\\/vidafel\\\/entrega-y-recogida\\\/\",\"url\":\"https:\\\/\\\/www.vidafel.es\\\/vidafel\\\/entrega-y-recogida\\\/\",\"name\":\"Transporte: Entrega y recogida | VIDAFEL\u00a0\",\"isPartOf\":{\"@id\":\"https:\\\/\\\/www.vidafel.es\\\/vidafel\\\/#website\"},\"datePublished\":\"2017-06-05T16:44:49+00:00\",\"dateModified\":\"2025-03-25T08:40:14+00:00\",\"description\":\"Transporte: entregamos, montamos y, si lo deseas, retiramos tu anterior sof\u00e1 y\\\/o sill\u00f3n.\",\"breadcrumb\":{\"@id\":\"https:\\\/\\\/www.vidafel.es\\\/vidafel\\\/entrega-y-recogida\\\/#breadcrumb\"},\"inLanguage\":\"es\",\"potentialAction\":[{\"@type\":\"ReadAction\",\"target\":[\"https:\\\/\\\/www.vidafel.es\\\/vidafel\\\/entrega-y-recogida\\\/\"]}]},{\"@type\":\"BreadcrumbList\",\"@id\":\"https:\\\/\\\/www.vidafel.es\\\/vidafel\\\/entrega-y-recogida\\\/#breadcrumb\",\"itemListElement\":[{\"@type\":\"ListItem\",\"position\":1,\"name\":\"VIDAFEL\",\"item\":\"https:\\\/\\\/www.vidafel.es\\\/vidafel\\\/\"},{\"@type\":\"ListItem\",\"position\":2,\"name\":\"Transporte: Entrega y recogida\"}]},{\"@type\":\"WebSite\",\"@id\":\"https:\\\/\\\/www.vidafel.es\\\/vidafel\\\/#website\",\"url\":\"https:\\\/\\\/www.vidafel.es\\\/vidafel\\\/\",\"name\":\"VIDAFEL SOF\u00c1S\",\"description\":\"Tienda especializada en Sof\u00e1s\",\"publisher\":{\"@id\":\"https:\\\/\\\/www.vidafel.es\\\/vidafel\\\/#organization\"},\"alternateName\":\"VIDAFEL SOF\u00c1S\",\"potentialAction\":[{\"@type\":\"SearchAction\",\"target\":{\"@type\":\"EntryPoint\",\"urlTemplate\":\"https:\\\/\\\/www.vidafel.es\\\/vidafel\\\/?s={search_term_string}\"},\"query-input\":{\"@type\":\"PropertyValueSpecification\",\"valueRequired\":true,\"valueName\":\"search_term_string\"}}],\"inLanguage\":\"es\"},{\"@type\":[\"Organization\",\"Place\",\"FurnitureStore\"],\"@id\":\"https:\\\/\\\/www.vidafel.es\\\/vidafel\\\/#organization\",\"name\":\"VIDAFEL SOF\u00c1S\",\"url\":\"https:\\\/\\\/www.vidafel.es\\\/vidafel\\\/\",\"logo\":{\"@id\":\"https:\\\/\\\/www.vidafel.es\\\/vidafel\\\/entrega-y-recogida\\\/#local-main-organization-logo\"},\"image\":{\"@id\":\"https:\\\/\\\/www.vidafel.es\\\/vidafel\\\/entrega-y-recogida\\\/#local-main-organization-logo\"},\"sameAs\":[\"https:\\\/\\\/www.facebook.com\\\/Vidafel.es\",\"https:\\\/\\\/www.instagram.com\\\/vidafel_sofas\\\/\"],\"address\":{\"@id\":\"https:\\\/\\\/www.vidafel.es\\\/vidafel\\\/entrega-y-recogida\\\/#local-main-place-address\"},\"geo\":{\"@type\":\"GeoCoordinates\",\"latitude\":\"39.415797923348904\",\"longitude\":\"-0.37799395654504236\"},\"telephone\":[\"963759104\"],\"openingHoursSpecification\":[{\"@type\":\"OpeningHoursSpecification\",\"dayOfWeek\":[\"Monday\",\"Tuesday\",\"Wednesday\",\"Thursday\",\"Friday\",\"Saturday\"],\"opens\":\"10:00\",\"closes\":\"20:30\"},{\"@type\":\"OpeningHoursSpecification\",\"dayOfWeek\":[\"Sunday\"],\"opens\":\"00:00\",\"closes\":\"00:00\"}],\"email\":\"vidafel@vidafel.es\",\"areaServed\":\"Comunidad Valenciana\"},{\"@type\":\"PostalAddress\",\"@id\":\"https:\\\/\\\/www.vidafel.es\\\/vidafel\\\/entrega-y-recogida\\\/#local-main-place-address\",\"streetAddress\":\"C\\\/ Rabisancho 2\",\"addressLocality\":\"Alfafar\",\"postalCode\":\"46910\",\"addressRegion\":\"Valencia\",\"addressCountry\":\"ES\"},{\"@type\":\"ImageObject\",\"inLanguage\":\"es\",\"@id\":\"https:\\\/\\\/www.vidafel.es\\\/vidafel\\\/entrega-y-recogida\\\/#local-main-organization-logo\",\"url\":\"https:\\\/\\\/www.vidafel.es\\\/vidafel\\\/wp-content\\\/uploads\\\/LOGO-VIDAFEL-VERTICAL-NEGRO-1.png\",\"contentUrl\":\"https:\\\/\\\/www.vidafel.es\\\/vidafel\\\/wp-content\\\/uploads\\\/LOGO-VIDAFEL-VERTICAL-NEGRO-1.png\",\"width\":517,\"height\":350,\"caption\":\"VIDAFEL SOF\u00c1S\"}]}<\/script>\n<meta name=\"geo.placename\" content=\"Alfafar\" \/>\n<meta name=\"geo.position\" content=\"39.415797923348904;-0.37799395654504236\" \/>\n<meta name=\"geo.region\" content=\"Espa\u00f1a\" \/>\n<!-- \/ Yoast SEO Premium plugin. -->","yoast_head_json":{"title":"Transporte: Entrega y recogida | VIDAFEL\u00a0","description":"Transporte: entregamos, montamos y, si lo deseas, retiramos tu anterior sof\u00e1 y\/o sill\u00f3n.","robots":{"index":"index","follow":"follow","max-snippet":"max-snippet:-1","max-image-preview":"max-image-preview:large","max-video-preview":"max-video-preview:-1"},"canonical":"https:\/\/www.vidafel.es\/vidafel\/entrega-y-recogida\/","og_locale":"es_ES","og_type":"article","og_title":"Transporte: Entrega y recogida | VIDAFEL","og_description":"Entregamos, montamos y, si lo deseas, retiramos tu anterior mueble. Nuestro personal se encargar\u00e1 de trasladarlo a un punto de reciclaje autorizado.","og_url":"https:\/\/www.vidafel.es\/vidafel\/entrega-y-recogida\/","og_site_name":"VIDAFEL","article_publisher":"https:\/\/www.facebook.com\/Vidafel.es","article_modified_time":"2025-03-25T08:40:14+00:00","og_image":[{"width":517,"height":350,"url":"https:\/\/www.vidafel.es\/vidafel\/wp-content\/uploads\/LOGO-VIDAFEL-VERTICAL-NEGRO-1.png","type":"image\/png"}],"twitter_misc":{"Tiempo de lectura":"1 minuto"},"schema":{"@context":"https:\/\/schema.org","@graph":[{"@type":"WebPage","@id":"https:\/\/www.vidafel.es\/vidafel\/entrega-y-recogida\/","url":"https:\/\/www.vidafel.es\/vidafel\/entrega-y-recogida\/","name":"Transporte: Entrega y recogida | VIDAFEL\u00a0","isPartOf":{"@id":"https:\/\/www.vidafel.es\/vidafel\/#website"},"datePublished":"2017-06-05T16:44:49+00:00","dateModified":"2025-03-25T08:40:14+00:00","description":"Transporte: entregamos, montamos y, si lo deseas, retiramos tu anterior sof\u00e1 y\/o sill\u00f3n.","breadcrumb":{"@id":"https:\/\/www.vidafel.es\/vidafel\/entrega-y-recogida\/#breadcrumb"},"inLanguage":"es","potentialAction":[{"@type":"ReadAction","target":["https:\/\/www.vidafel.es\/vidafel\/entrega-y-recogida\/"]}]},{"@type":"BreadcrumbList","@id":"https:\/\/www.vidafel.es\/vidafel\/entrega-y-recogida\/#breadcrumb","itemListElement":[{"@type":"ListItem","position":1,"name":"VIDAFEL","item":"https:\/\/www.vidafel.es\/vidafel\/"},{"@type":"ListItem","position":2,"name":"Transporte: Entrega y recogida"}]},{"@type":"WebSite","@id":"https:\/\/www.vidafel.es\/vidafel\/#website","url":"https:\/\/www.vidafel.es\/vidafel\/","name":"VIDAFEL SOF\u00c1S","description":"Tienda especializada en Sof\u00e1s","publisher":{"@id":"https:\/\/www.vidafel.es\/vidafel\/#organization"},"alternateName":"VIDAFEL SOF\u00c1S","potentialAction":[{"@type":"SearchAction","target":{"@type":"EntryPoint","urlTemplate":"https:\/\/www.vidafel.es\/vidafel\/?s={search_term_string}"},"query-input":{"@type":"PropertyValueSpecification","valueRequired":true,"valueName":"search_term_string"}}],"inLanguage":"es"},{"@type":["Organization","Place","FurnitureStore"],"@id":"https:\/\/www.vidafel.es\/vidafel\/#organization","name":"VIDAFEL SOF\u00c1S","url":"https:\/\/www.vidafel.es\/vidafel\/","logo":{"@id":"https:\/\/www.vidafel.es\/vidafel\/entrega-y-recogida\/#local-main-organization-logo"},"image":{"@id":"https:\/\/www.vidafel.es\/vidafel\/entrega-y-recogida\/#local-main-organization-logo"},"sameAs":["https:\/\/www.facebook.com\/Vidafel.es","https:\/\/www.instagram.com\/vidafel_sofas\/"],"address":{"@id":"https:\/\/www.vidafel.es\/vidafel\/entrega-y-recogida\/#local-main-place-address"},"geo":{"@type":"GeoCoordinates","latitude":"39.415797923348904","longitude":"-0.37799395654504236"},"telephone":["963759104"],"openingHoursSpecification":[{"@type":"OpeningHoursSpecification","dayOfWeek":["Monday","Tuesday","Wednesday","Thursday","Friday","Saturday"],"opens":"10:00","closes":"20:30"},{"@type":"OpeningHoursSpecification","dayOfWeek":["Sunday"],"opens":"00:00","closes":"00:00"}],"email":"vidafel@vidafel.es","areaServed":"Comunidad Valenciana"},{"@type":"PostalAddress","@id":"https:\/\/www.vidafel.es\/vidafel\/entrega-y-recogida\/#local-main-place-address","streetAddress":"C\/ Rabisancho 2","addressLocality":"Alfafar","postalCode":"46910","addressRegion":"Valencia","addressCountry":"ES"},{"@type":"ImageObject","inLanguage":"es","@id":"https:\/\/www.vidafel.es\/vidafel\/entrega-y-recogida\/#local-main-organization-logo","url":"https:\/\/www.vidafel.es\/vidafel\/wp-content\/uploads\/LOGO-VIDAFEL-VERTICAL-NEGRO-1.png","contentUrl":"https:\/\/www.vidafel.es\/vidafel\/wp-content\/uploads\/LOGO-VIDAFEL-VERTICAL-NEGRO-1.png","width":517,"height":350,"caption":"VIDAFEL SOF\u00c1S"}]},"geo.placename":"Alfafar","geo.position":{"lat":"39.415797923348904","long":"-0.37799395654504236"},"geo.region":"Espa\u00f1a"},"_links":{"self":[{"href":"https:\/\/www.vidafel.es\/vidafel\/wp-json\/wp\/v2\/pages\/1707","targetHints":{"allow":["GET"]}}],"collection":[{"href":"https:\/\/www.vidafel.es\/vidafel\/wp-json\/wp\/v2\/pages"}],"about":[{"href":"https:\/\/www.vidafel.es\/vidafel\/wp-json\/wp\/v2\/types\/page"}],"author":[{"embeddable":true,"href":"https:\/\/www.vidafel.es\/vidafel\/wp-json\/wp\/v2\/users\/3"}],"replies":[{"embeddable":true,"href":"https:\/\/www.vidafel.es\/vidafel\/wp-json\/wp\/v2\/comments?post=1707"}],"version-history":[{"count":0,"href":"https:\/\/www.vidafel.es\/vidafel\/wp-json\/wp\/v2\/pages\/1707\/revisions"}],"wp:attachment":[{"href":"https:\/\/www.vidafel.es\/vidafel\/wp-json\/wp\/v2\/media?parent=1707"}],"wp:term":[{"taxonomy":"category","embeddable":true,"href":"https:\/\/www.vidafel.es\/vidafel\/wp-json\/wp\/v2\/categories?post=1707"},{"taxonomy":"post_tag","embeddable":true,"href":"https:\/\/www.vidafel.es\/vidafel\/wp-json\/wp\/v2\/tags?post=1707"}],"curies":[{"name":"wp","href":"https:\/\/api.w.org\/{rel}","templated":true}]}}